**2 + 94*h - 196. What is n(2)?
0
Let d(n) = 2*n**2 + 83*n - 567. Give d(6).
3
Let h(r) = 67*r - 249. Determine h(8).
287
Let l(c) = c**3 + 20*c**2 + 51*c + 49. What is l(-17)?
49
Let a(f) = -f**3 - 34*f**2 + f + 1123. What is a(-33)?
1
Let p(t) = -3*t**3 + 20*t**2 - t - 16. Give p(6).
50
Let t(n) = 5*n**2 - 429*n - 10085. Determine t(105).
-5
Let w(h) = -2*h**3 + 20*h**2 + 15*h + 47. Give w(11).
-30
Let g(w) = 211*w + 841. Calculate g(-4).
-3
Let j(d) = -2*d**2 + 86*d + 5458. Determine j(-35).
-2
Let q(u) = u**3 + 31*u**2 - 98*u - 32. Calculate q(-34).
-168
Let w(p) = -65*p + 547. Calculate w(9).
-38
Let n(p) = -17*p - 67. Calculate n(-4).
1
Let p(g) = 19*g**2 + 308*g - 13. Determine p(-16).
-77
Let u(m) = -m**2 + 162*m - 2905. Calculate u(142).
-65
Let d(o) = 2*o**3 + 13*o**2 - 6*o - 61. What is d(-6)?
11
Let a(c) = 10*c - 295. Calculate a(33).
35
Let h(s) = -s**2 + 49*s + 1546. Calculate h(71).
-16
Let m(w) = 60*w**2 + 2995*w - 246. Determine m(-50).
4
Let n(a) = 5*a**3 - 17*a**2 + 29*a - 13. Determine n(5).
332
Let o(f) = -f**2 + 58*f + 15541. What is o(-99)?
-2
Let m(g) = -g**2 + 3*g + 266. Give m(-15).
-4
Let f(t) = t**3 - t**2 + 27*t + 107. What is f(-3)?
-10
Let i(o) = -o**3 + 9*o**2 - 16*o - 2. Determine i(0).
-2
Let y(s) = -6*s**2 - 397*s - 1487. Determine y(-4).
5
Let p(n) = n**3 - 14*n**2 + 27*n - 6. Give p(3).
-24
Let d(v) = 7*v - 260. Calculate d(10).
-190
Let m(b) = 9*b + 389. Determine m(-42).
11
Let y(c) = c**2 - 41*c + 391. Give y(25).
-9
Let w(l) = l - 76. Determine w(61).
-15
Let v(y) = -22*y + 160. Give v(8).
-16
Let g(h) = -3*h - 457. Calculate g(-48).
-313
Let w(m) = m**3 - 31*m**2 - 522*m - 75. Give w(-12).
-3
Let v(c) = 6*c**3 - 4*c**2 + 42*c - 42. Determine v(1).
2
Let x(c) = -6*c**2 + 9*c + 25. Calculate x(3).
-2
Let z(p) = 28*p + 3974. Give z(-142).
-2
Let m(l) = -l**2 - 13*l - 26. Calculate m(-11).
-4
Let i(p) = 120*p - 1225. What is i(12)?
215
Let u(g) = 5*g**3 + 2*g**2 - 42*g - 4. Determine u(-5).
-369
Let i(m) = 6*m + 125. Determine i(-20).
5
Let t(i) = 16*i + 127. Give t(-13).
-81
Let v(z) = 110*z**3 + 2*z**2 - z - 2. Give v(-1).
-109
Let c(u) = u**3 + 92*u**2 - 383*u + 93. What is c(-96)?
-3
Let o(x) = -17*x**2 + 354*x + 57. Give o(21).
-6
Let m(k) = -k**3 - 13*k**2 - 36*k - 162. Calculate m(-11).
-8
Let z(h) = -3*h**3 + 51*h**2 - 90*h + 7. Give z(15).
7
Let b(w) = w**2 + 39*w + 124. Calculate b(-4).
-16
Let k(o) = 2*o - 44. Calculate k(-5).
-54
Let g(q) = -87*q + 6879. Give g(79).
6
Let a(d) = -3*d**3 - 106*d**2 + 12*d + 1640. Give a(-35).
-5
Let j(b) = 145*b**2 + b + 1. Determine j(-1).
145
Let i(k) = -k**3 + 37*k**2 + 161*k + 140. Determine i(41).
17
Let u(w) = w**3 - 3*w**2 + 11*w - 55. Give u(4).
5
Let i(r) = -2*r**2 + 62*r + 354. Determine i(36).
-6
Let a(t) = 482*t + 466. Calculate a(-1).
-16
Let o(v) = -62*v - 738. What is o(-14)?
130
Let u(f) = 11*f**2 + 865*f + 1698. Determine u(-2).
12
Let p(x) = -3*x**2 + 660*x + 1319. Determine p(222).
-13
Let m(s) = -3*s**3 - 9*s**2 + 8*s + 17. Determine m(-5).
127
Let s(v) = 42*v + 291. Calculate s(-7).
-3
Let d(v) = -v**2 + 96*v + 1175. What is d(107)?
-2
Let u(w) = -w**3 + w**2 + 49*w - 21. Give u(7).
28
Let r(t) = t - 139. Calculate r(7).
-132
Let b(l) = -l**2 - 285*l - 4551. Calculate b(-17).
5
Let k(d) = -3*d**2 + 93*d - 6. Determine k(0).
-6
Let p(w) = -5326*w + 106506. What is p(20)?
-14
Let y(q) = -q**3 + 9*q**2 - 15*q + 36. What is y(8)?
-20
Let l(z) = z**3 + 12*z**2 + 29*z - 16. Determine l(-9).
-34
Let d(c) = -2*c**3 + 20*c**2 + 107*c + 14. Calculate d(14).
-56
Let f(q) = -q**3 + 32*q**2 + 63*q + 176. Give f(34).
6
Let l(u) = -20*u**2 + 325*u - 56. Determine l(16).
24
Let p(b) = -3*b**3 + 2*b**2 + 5*b - 23. Determine p(3).
-71
Let f(j) = j**3 - 8*j**2 - 5*j - 16. Determine f(9).
20
Let k(z) = -2*z**2 + 6*z + 774. Determine k(21).
18
Let o(k) = -7459*k + 67137. Calculate o(9).
6
Let c(j) = 2*j**2 - 33*j - 4. Give c(9).
-139
Let t(g) = -g**3 + 3*g**2 + 32*g + 21. Calculate t(-5).
61
Let t(f) = -f**3 + 12*f**2 - 3*f + 29. Give t(12).
-7
Let j(o) = 5*o**2 + 92*o + 92. Determine j(-18).
56
Let a(s) = s**3 + 4*s**2 - 15*s - 11. Give a(4).
57
Let u(b) = -147*b - 222. Determine u(-3).
219
Let p(f) = f**2 + 76*f - 149. Determine p(-76).
-149
Let y(p) = -19*p**2 + 43*p - 26. Calculate y(1).
-2
Let w(d) = -3*d**2 + 32*d - 117. What is w(5)?
-32
Let i(z) = -4*z**2 - 5*z - 25. Calculate i(-6).
-139
Let p(w) = -7*w - 10. What is p(0)?
-10
Let q(f) = 96*f - 554. Calculate q(6).
22
Let z(k) = k**3 + 8. What is z(-3)?
-19
Let s(r) = 2*r**2 + 33*r - 54. Calculate s(-18).
0
Let c(l) = l**3 - 10*l**2 - 72*l - 55. Determine c(16).
329
Let x(z) = -24*z**2 - 365*z - 182. Determine x(-14).
224
Let r(u) = -4*u**2 + 113*u - 277. Give r(26).
-43
Let d(n) = n**3 + 81*n**2 + 159*n + 57. Determine d(-79).
-22
Let f(z) = 16*z - 379. Determine f(31).
117
Let x(l) = 251*l - 57504. What is x(229)?
-25
Let t(f) = -2*f**3 - 72*f**2 + 83*f + 81. Give t(-37).
-252
Let b(i) = -6*i**3 - 24*i**2 - 11*i - 2. Give b(-3).
-23
Let v(j) = -j**3 + 24*j**2 + 86*j - 148. Give v(27).
-13
Let r(u) = 10809*u + 32430. Give r(-3).
3
Let j(d) = -7*d + 71. What is j(-5)?
106
Let h(b) = 23*b + 2194. What is h(-96)?
-14
Let h(g) = -g**2 + 69*g - 390. What is h(63)?
-12
Let u(y) = -y**2 + 81*y - 1051. Calculate u(65).
-11
Let u(i) = 66*i - 304. What is u(7)?
158
Let r(t) = -34*t - 484. Determine r(-14).
-8
Let m(y) = -y**2 - 29*y - 118. Give m(-16).
90
Let d(c) = c**3 + 2*c**2 - 5*c + 69. What is d(-6)?
-45
Let l(a) = -19*a - 2683. Calculate l(-142).
15
Let f(k) = 11*k + 178. Determine f(-16).
2
Let h(w) = -3*w**2 + 138*w + 9. Determine h(46).
9
Let s(k) = -2*k**3 + 76*k**2 - 153*k + 136. Calculate s(36).
-188
Let z(y) = -19*y - 826. Determine z(-20).
-446
Let a(l) = -18*l - 111. What is a(-6)?
-3
Let q(v) = -2*v**2 + 51*v - 111. Give q(22).
43
Let s(h) = 84*h**3 + 1511*h**2 - 26*h - 147. What is s(-18)?
-3
Let h(d) = 21679*d - 43366. What is h(2)?
-8
Let b(w) = -1316*w - 34221. Determine b(-26).
-5
Let k(z) = z**3 + 10*z**2 - 56. Determine k(-9).
25
Let f(v) = 11*v**2 + 30*v - 5. What is f(-3)?
4
Let h(c) = 160*c - 2230. Calculate h(14).
10
Let w(t) = -t**2 - 52*t - 585. Give w(-30).
75
Let g(n) = 7*n**2 + 58*n - 4. Determine g(-12).
308
Let u(n) = -n**3 + 25*n**2 - 7*n - 440. Determine u(24).
-32
Let d(v) = -6*v - 175. What is d(-22)?
-43
Let b(x) = -x**2 + 29*x - 112. Give b(11).
86
Let d(g) = -6*g**2 + 47*g - 20. Give d(5).
65
Let b(q) = -3*q**2 - 74*q + 25. Determine b(-26).
-79
Let o(g) = -g**3 + 19*g**2 - 5*g + 63. Calculate o(19).
-32
Let q(p) = 1307*p - 1061. Calculate q(1).
246
Let p(v) = v**3 - 26*v**2 - 222*v - 279. Determine p(33).
18
Let h(o) = 6*o**3 - 2*o**2 - 6*o + 16. Determine h(2).
44
Let i(b) = 8*b - 551. Give i(56).
-103
Let c(g) = g**3 - 29*g**2 - 29*g - 40. What is c(30)?
-10
Let m(f) = -202*f + 2032. Determine m(10).
12
Let t(x) = -12*x + 300. Give t(19).
72
Let o(v) = -9*v**2 - 2*v + 511. Calculate o(0).
511
Let s(u) = -2*u**3 + 7*u**2 + 7*u + 51. Calculate s(5).
11
Let w(n) = -7*n - 104. What is w(-15)?
1
Let d(n) = -n**3 + 9*n**2 + 42*n - 263. Calculate d(5).
47
Let w(i) = i**3 + 78*i**2 + 162*i + 692. Give w(-76).
-68
Let f(g) = -g**2 + 7*g + 76. What is f(11)?
32
Let h(o) = -3*o**3 + 8*o**2 - 10*o - 63. Give h(3).
-102
Let a(u) = u**3 - 17*u**2 + 17*u - 20. What is a(16)?
-4
Let z(d) = 3*d**3 - 71*d**2 - 18*d - 159. Determine z(24).
-15
Let k(n) = -n**3 - 15*n**2 + 44*n - 123. Give k(-18).
57
Let h(p) = p**3 - 7*p**2 + 84*p - 1150. Give h(10).
-10
Let t(j) = 188*j + 29. What is t(-1)?
-159
Let g(m) = m**2 - 139*m + 763. Determine g(133).
-35
Let p(f) = 6*f - 402. What is p(63)?
-24
Let i(a) = 176*a**2 + 49*a + 53. Give i(-1).
180
Let k(b) = b**3 + 13*b**2 + 11*b - 4. Calculate k(-11).
117
Let p(g) = g**2 + 103*g + 2194. Calculate p(-27).
142
Let x(k) = -32*k**2 + 1501*k - 38. Give x(47).
-179
Let q(t) = -98*t**2 + 33*t + 58. Give q(-2).
-400
Let a(p) = -p**3 - 12*p**2 - 21*p - 11. Give a(-9).
-65
Let c(s) = -10*s**2 + 203*s + 141. Calculate c(22).
-233
Let h(w) = -128*w**2 + 8068*w - 256. Give h(63).
-4
Let b(u) = -u**3 + 7*u**2 + 28*u - 10. What is b(10)?
-30
Let f(h) = -50*h + 198. Give f(3).
48
Let q(j) = 2*j**3 - 275*j**2 + 130*j + 966. Determine q(137).
7
Let w(q) = -q*